reatest common divisor of 15 and i.
15
Let w be (0 - -40)*14/35. Let c(s) = -s**2 - 5*s - 3. Let j be c(-3). Suppose 2*b - w = j*y - 40, -b + 13 = y. Calculate the highest common factor of y and 70.
10
Suppose -2*c - 4 = -0*c. Let p be c + 14 + 3 + -1. Let f(n) = -n**3 - 9*n**2 + 8*n + 15. Let r be f(-10). What is the greatest common divisor of p and r?
7
Suppose 0 = -4*n + 12, 0 = t + 3*n - 24 - 5. Calculate the greatest common divisor of t and 60.
20
Suppose -10 + 25 = 3*n. Calculate the greatest common factor of 1 and n.
1
Let p(h) = h**3 + 7*h**2 + 2*h - 8. Let b be (1 - (2 - 4))*1. Let w = -9 + b. Let f be p(w). Calculate the greatest common divisor of 8 and f.
8
Let u be -5*4/(-12)*3. Let w be ((-2)/(-5))/((-2)/(-10)). What is the greatest common factor of u and w?
1
Let y = -18 - -26. What is the highest common divisor of 40 and y?
8
Let z = 97 - 43. What is the greatest common divisor of z and 6?
6
Let v(b) = -8*b. Let p(n) = n. Let y be 5/((-30)/(-56))*-3. Let i(w) = y*p(w) - 3*v(w). Let u be i(-7). What is the greatest common divisor of u and 70?
14
Let m be (2 - 2) + 1*2. Suppose -m*u + 16 = 2*n, -4*u = -n - 2 - 5. Calculate the greatest common factor of n and 10.
5
Let l(w) = w**3 - 2*w**2 - 5*w. Let i be l(4). Suppose z - i = -z. Calculate the highest common factor of 54 and z.
6
Let a(j) = j**3 - 5*j**2 - 11*j + 5. Let n be a(9). Calculate the greatest common divisor of n and 10.
10
Suppose o - 430 = 5*y, -3*y + 8 + 4 = 0. Suppose -7*i + o = -5*i. Calculate the highest common factor of 25 and i.
25
Suppose -3*c + 1184 = 5*o, 6*c - 3*o = 3*c + 1176. Suppose c = -7*d + 1303. What is the greatest common divisor of d and 26?
26
Let y be 8 + (1 + -2 - -3). Calculate the highest common factor of y and 40.
10
Suppose -90 = 4*o - 14*o. What is the greatest common divisor of 45 and o?
9
Let s(y) = -26*y + 2. Let i be s(-2). Let t = 3 + -3. Suppose c = -t*c + i. What is the highest common factor of c and 18?
18
Suppose -q = 3*u + 23, 2*u + 19 = -3*q + 3*u. Let w = q + 15. Calculate the highest common factor of w and 63.
7
Let v be (6/15)/((-4)/(-10)). Let w be (6/10)/(1/5). Suppose -2*a = w*c + 1 + 6, 2*a = -c - 9. Calculate the greatest common factor of c and v.
1
Suppose -7*p - 38 = -q - 6*p, -110 = -3*q + p. Calculate the greatest common factor of 6 and q.
6
Suppose 4 = -2*s + 2*i + 2, -5*s - 5*i = 35. Let p be 1*(0 + -2 - s). Suppose -p*c + 70 = 3*c. Calculate the highest common factor of 2 and c.
2
Suppose n + 2 = 2*f, -3*n + 0*f = -2*f - 2. Suppose 0 = 2*j + 2*j - 8. Calculate the highest common divisor of j and n.
2
Let o = -50 - -274. Calculate the highest common factor of o and 14.
14
Let o(r) = r**2 + 25*r - 32. Let f be o(-27). What is the greatest common factor of 242 and f?
22
Let t be (-20)/8*2/(-5). What is the highest common divisor of 4 and t?
1
Let s(t) = -14*t - 2. Let x be s(-2). What is the greatest common divisor of x and 65?
13
Let t be (-24)/(-16) - 2/4. Let j be (-1)/t - 96/(-6). What is the highest common factor of j and 30?
15
Let z = 211 + -210. Let d(h) = h**3 - 7*h**2 + h - 6. Let a be d(7). Let x = 2 - a. Calculate the highest common divisor of z and x.
1
Suppose 0 = -4*l + 2*a + 22, -l - 3*a + 23 = l. Suppose 3*n = 2 + l. What is the highest common factor of n and 2?
1
Let l be (4/10)/(4/(-5))*-34. Calculate the highest common factor of 68 and l.
17
Suppose -5*w + 48 = -3*w. Calculate the highest common divisor of 60 and w.
12
Let p(t) = t**2 + 18*t + 21. Let b be p(-23). What is the highest common factor of b and 8?
8
Suppose -2*h + 45 = h. Let v = 25 - h. Calculate the highest common factor of v and 50.
10
Suppose u + 2*p - 44 = -3*p, 5*u + p = 196. Calculate the highest common factor of 156 and u.
39
Let x(z) = -z**2 - 7*z - 2. Let t be x(-4). Let s(g) = -g**2 - 18*g + 3. Let c be s(-17). What is the greatest common divisor of t and c?
10
Suppose -5*k = l - 189, 0 = -4*l - 2*k - k + 756. What is the highest common divisor of 21 and l?
21
Let a be 102/14 + (-2)/7. What is the highest common factor of a and 21?
7
Suppose k = -2*k. Suppose k = -2*x + c + 19, x + 4*c = c + 20. Calculate the greatest common factor of 1 and x.
1
Let t = -19 + 11. Suppose 5*u - 6 = -16. Let v be 81/4 - u/t. Calculate the highest common factor of 50 and v.
10
Let o(m) = -m**3 - 5*m**2 - 3*m - 12. Let f be o(-5). Calculate the highest common factor of 21 and f.
3
Let a(f) = f. Let i(z) = 3*z - 7. Let s(n) = a(n) + i(n). Let k be s(6). Calculate the greatest common factor of k and 17.
17
Let b = 54 - 52. Calculate the highest common factor of b and 14.
2
Let w = 0 + 4. Let j be w/(-2 + (-22)/(-10)). Calculate the greatest common divisor of 50 and j.
10
Let g be 3 + -2 + 54 + 0. Let r(y) = y + 2. Let w be r(5). Let s = w - 2. Calculate the highest common factor of g and s.
5
Let d(p) = -p**3 + 0*p**2 - 5*p - 5 - 6*p**2 - 5 - 2. Let g be d(-6). What is the highest common factor of g and 144?
18
Let v(u) = -u**2 - 17*u - 21. Let i be v(-14). What is the highest common divisor of i and 21?
21
Let u be (-1)/(-3) + (-29)/(-3). Suppose 11 = 2*a - b, a - 16 = 2*b + 2*b. Suppose -50 = -a*y - y. Calculate the greatest common factor of u and y.
10
Let q(p) = 4*p. Let s(x) = -119*x. Let k(d) = 182*q(d) + 6*s(d). Let u be k(1). Calculate the greatest common factor of u and 56.
14
Suppose 67 = -4*v + 19. Let i be (-1)/(-4) - 237/v. What is the highest common divisor of i and 100?
20
Suppose 3*k + 0 - 6 = -3*b, -3*b + 2 = 5*k. What is the highest common factor of 4 and b?
4
Suppose b = -4*b + 175. Let t(l) = l**2 + 8*l + 5. Let s be t(-9). What is the greatest common factor of s and b?
7
Let z be -1 + 12 + (-2 - -1). Suppose j - z = -j. What is the greatest common factor of j and 2?
1
Suppose 3*q + 81 = 6*q. Suppose -7*y + 6*y = -q. Let j = 19 + -10. Calculate the greatest common divisor of y and j.
9
Let z = -66 + 116. Suppose -8 = -2*v + 4. Let p be ((-20)/v)/1*-6. Calculate the greatest common divisor of z and p.
10
Let s(i) = 6*i + 2. Let h(j) = -j - 1. Let t(q) = 5*h(q) + s(q). Let a be t(8). Suppose a*o - 168 = o. Calculate the greatest common factor of 6 and o.
6
Let v = -4 + 16. Let h = v + 18. What is the greatest common divisor of h and 10?
10
Let c(z) = z**3 + 12*z**2 - 2*z - 17. Let u be c(-12). Calculate the highest common factor of u and 112.
7
Suppose -3*s + 7 = -l, 4*l + 50 = 2*l - 3*s. Let i = 33 + l. What is the greatest common factor of i and 98?
14
Let k be (-2)/(-2) - 16/(-4). Let d be 3/9 - (-268)/6. Suppose k*i + 50 = 5*u, -d = -5*u + 2*i + 2*i. Calculate the greatest common divisor of 25 and u.
5
Let n = 32 + 4. Suppose u = o + 8 + 1, -n = -4*u + 5*o. Calculate the greatest common factor of 3 and u.
3
Let n be ((-1)/(-3))/((-5)/(-30)). Let v(f) = 14*f**3 - 2*f**2 - f - 2. Let g be v(n). Let d be g/12 - 2/6. Calculate the greatest common divisor of 72 and d.
8
Let v = -104 - -389. Suppose -7*y + 2*r = -3*y - 250, 0 = -4*y - 5*r + v. Calculate the highest common divisor of 26 and y.
13
Suppose -2*z + 2 = -26. Calculate the greatest common factor of z and 98.
14
Let b(m) = -m**3 + 6*m**2 + 2*m - 1. Let r be b(5). Suppose w + 358 = 5*g, g - 28 = 5*w + r. Calculate the highest common factor of 9 and g.
9
Let h = 64 - -121. Suppose -2*q + h = 3*q. Let n = q - 9. What is the highest common factor of 7 and n?
7
Let w be (25/4)/(2/8). Let q = w - 14. Let g be (-2)/7 + 1854/21. Calculate the greatest common factor of q and g.
11
Let h be (-2 - 1)/3 - -27. Suppose 5*r + h = 7*r. What is the highest common divisor of r and 91?
13
Suppose 3*t = 40 - 4. Let p = 1171 - 628. Suppose 5*m = 3*m + 10, 4*x + 3*m = p. What is the highest common divisor of x and t?
12
Let a(t) = -2*t**3 - t - 1. Let o be a(-1). Suppose g + o = -14. Let h = -10 - g. What is the highest common factor of 9 and h?
3
Let p(z) = -7*z - 2. Let i be p(-2). Suppose 4*f = -0*f - 4*x - i, -4*f + 28 = -4*x. Suppose 4*q - f*q = 12. What is the highest common divisor of 30 and q?
6
Let j = 13 - 4. Let q be 82 + (0 - -1 - 2). Calculate the highest common divisor of j and q.
9
Let r = -10 + -2. Let y be 4/(-10) - r/5. Suppose 1 = x - y. What is the greatest common divisor of x and 12?
3
Let m = 27 - 2. Suppose t + 0*t - 125 = 0. What is the greatest common divisor of t an